 1113 is divided by (10/(-30) + -3)*66/(-10).
13
Calculate the remainder when -5 + (-25 - -34) + (167 - 1) + -1 is divided by 56.
1
Let q(z) = z**2 + 10*z - 6. Let o be q(-11). Suppose -8 = -o*v + 12. Suppose -10 = v*n - 26. Calculate the remainder when 22 is divided by n.
2
Let c be -3 + 0/6 + 6 - 3. Suppose c = 24*w - 157 - 59. Calculate the remainder when 16 is divided by w.
7
Let d(h) = -h**3 + 20*h**2 - 51*h + 2. What is the remainder when 268 is divided by d(17)?
0
Let v(s) be the third derivative of 0*s - 19*s**2 + 0 + 1/30*s**5 + 2/3*s**3 - 1/3*s**4. Calculate the remainder when 48 is divided by v(6).
20
Let w(o) = -o**2 + 51*o - 292. What is the remainder when w(27) is divided by 18?
14
Let i = 515 + -508. Calculate the remainder when 9*(-4 + 65/15) + 197 is divided by i.
4
Calculate the remainder when 9 - 4/((-273)/54 - -5) is divided by 64.
17
Suppose 25 = -3*r + 43. Suppose -14*d + 368 = -r*d. Calculate the remainder when d is divided by 8.
6
Let w(b) = 67*b**2 - 10*b - 52. Let f be w(-5). What is the remainder when (1 + -3)*(f/(-14) + -4) is divided by 50?
47
Suppose -47*i = 66686 - 205712. Calculate the remainder when i is divided by 80.
78
Let p = -5930 + 6362. Calculate the remainder when p is divided by 234.
198
Suppose 95139 = 3348*k - 3339*k. What is the remainder when k is divided by 25?
21
Calculate the remainder when -11 - (-11 - -22)*-19 is divided by 5.
3
Let r(d) = -d**2 + 18*d - 63. Suppose 4*y + 0 = 4. Calculate the remainder when r(7) is divided by (3 - (y + 0)) + 3.
4
Let g(x) = -x + 116. What is the remainder when 261 is divided by g(38)?
27
What is the remainder when ((-25)/15)/(19179/(-1917) + 10) is divided by 95?
70
Let j = -128 - -133. Suppose j*x - 348 = -7*x. Calculate the remainder when 231 is divided by x.
28
Suppose 3*g = 5*z + 2044, -2*g - 243 = 4*z - 1635. What is the remainder when g is divided by 24?
16
Suppose 21*f = -13*f + 3938 + 1808. Calculate the remainder when f is divided by 8.
1
Let t = -4271 + 4346. What is the remainder when t is divided by 45?
30
Let q(m) = 31*m**2 - 171*m - 1170. Calculate the remainder when q(-7) is divided by 94.
42
Suppose -90*c = 2568 - 8328. What is the remainder when 419 is divided by c?
35
Suppose -2*m - 6*v + 13478 = 0, -17*v - 6 = -19*v. Calculate the remainder when m is divided by 182.
178
Suppose 2*i = -3*q + 489, 0*i = 5*i + q - 1203. Calculate the remainder when i is divided by 64.
48
Let v(r) = r**2 - 20*r + 38. Suppose 9*u + 5 = 4*u. Calculate the remainder when 2 + (1/(-1) - u) is divided by v(18).
0
Suppose 17*h - 1662 - 9712 = 4827. What is the remainder when h is divided by 32?
25
Suppose 0 = 3*u + 4*f + 209, -u = 3*u - 5*f + 320. Let g = 76 + u. Let n = 16 + -10. What is the remainder when n is divided by g?
0
Let z = 26 - -102. Suppose 0 = -14*w - 4*m + 384, 4*m - 55 = -w - 9. What is the remainder when z is divided by w?
24
Let c(n) = 8*n + 30. Let m be c(14). Let l = m + -137. Calculate the remainder when 17 is divided by l.
2
Let k(j) = 2*j + 24. Let g be k(9). Let h = -1 + g. Let n(u) = u**3 + 11*u**2 + 16*u - 12. Calculate the remainder when h is divided by n(-9).
5
Suppose 4*w + 4*i + 11 = 27, -16 = 3*w - 4*i. Suppose 3*r - 4*m - 127 = 0, w = r + 2*m - 43 + 4. What is the remainder when 204 is divided by r?
40
Suppose 5042*f - 5047*f = -h - 203, -7*f - 5*h + 329 = 0. What is the remainder when 6/(-21) - 1138/(-14) is divided by f?
39
Suppose -12*o + 3*o = 39*o - 1776. What is the remainder when o is divided by 1?
0
Suppose 8051 - 54214 - 68523 = -22*s. Calculate the remainder when s is divided by 158.
157
Let s = 238 + -244. Let h(a) = a**3 + 5*a**2 - 9*a - 10. What is the remainder when 111 is divided by h(s)?
7
Let r = 19767 + -19726. Calculate the remainder when 434 is divided by r.
24
Let j(g) = 232*g - 1067. Calculate the remainder when j(5) is divided by 19.
17
Suppose 100*k = 60*k + 191080. Calculate the remainder when (-5)/(5/4)*k/(-68) is divided by 18.
11
Suppose -3*q + 3*i + 2*i + 213 = 0, 0 = 4*i. Suppose -177*h + 13269 = 3502 - 27049. Calculate the remainder when h is divided by q.
66
Suppose -7*h - 1663 + 7498 = 8*h. Calculate the remainder when 880 is divided by h.
102
Suppose 191*r - 940 = 2159 + 5305. Calculate the remainder when -17*(45/(-3) + -3) is divided by r.
42
Suppose 7*m + 0*m - 2004 = 4394. What is the remainder when m is divided by 453?
8
Let n = 157 + -149. Let x(k) = -k**3 + 10*k**2 - 12*k + 2. Calculate the remainder when x(n) is divided by 18.
16
Let v be (6 - 2)/(-1 - 1) - -133. Let u = v + -126. Calculate the remainder when 16 is divided by u.
1
Let m(q) = q**3 - q**2 + q + 37. Let p be m(-6). Let d = p + 242. Let v = -10 + 16. What is the remainder when d is divided by v?
3
Let o(j) = 3*j**2 - 18*j + 24. Let z be o(7). Calculate the remainder when 30/z*1*159 is divided by 22.
18
Calculate the remainder when (-1 + -24 - 930)*(-52)/20 is divided by 69.
68
Suppose 3*d + 2 = p - 8, -2*p + 15 = -5*d. Let h(w) = -w**3 + 11*w**2 + w - 2. Calculate the remainder when 17 - -1 - (-4 + (d - -6)) is divided by h(11).
3
Let v = 56 - 9. Let g = v + -39. Calculate the remainder when (4 - 28/g)*20 is divided by 3.
1
Let h(k) = 16*k - 15 - 40*k + 21*k. What is the remainder when 28 is divided by h(-9)?
4
Let m(l) = -l**3 - 4*l**2 + 2*l + 34. What is the remainder when 63 is divided by m(-4)?
11
Suppose -13*m - 66*m = -2054. Calculate the remainder when 278 is divided by m.
18
Calculate the remainder when ((-1833)/188)/((-3)/184) is divided by 20.
18
Let v = -27538 + 27615. What is the remainder when 1373 is divided by v?
64
Let l = -111 + 81. Let n(m) = -5*m**3 + 2*m**2 + 2*m - 2. Calculate the remainder when n(-2) is divided by (-3)/(l/(-2)) - (-112)/10.
9
Let x(p) = p**3 - 29*p**2 + 29*p + 38. Suppose -17*a = 19*a - 1008. Calculate the remainder when 160 is divided by x(a).
28
Calculate the remainder when 14 - (-6 + -7 - 240) is divided by 42.
15
Suppose 112*s - 121*s = -1332. Calculate the remainder when s is divided by 66.
16
Let a be -1 + 5 - (-2464)/11. Suppose -a = -10*x + 532. Let o = -46 + x. Calculate the remainder when o is divided by 8.
6
Suppose 5*l = -5*l + 12*l. What is the remainder when (-1 - -8 - 7) + (l - -113) is divided by 38?
37
Let d be 3/(-9)*-267*-2. Let s = d - -364. Calculate the remainder when s is divided by 21.
18
Let t = 573 + -462. Calculate the remainder when 1330 is divided by t.
109
Calculate the remainder when 1186 + (-3)/(13/((-637)/(-21))) is divided by 392.
3
Suppose h - 4*d + 7 = 0, -125*h + 59 = -122*h + 4*d. What is the remainder when 465 is divided by h?
10
Let j = 24906 - 24891. What is the remainder when 5605 is divided by j?
10
Let v(l) = -273*l**2 + 126*l**2 + 146*l**2 - 9 - 18*l. Let g(k) = -12*k - 1. Calculate the remainder when g(-5) is divided by v(-16).
13
Suppose 12*q - 443 = 1873. Let i = q - 124. Calculate the remainder when i is divided by 24.
21
Suppose 44 = -6*u - 5*u. Let c be (-3 - (-4)/u*-4)*3. Suppose m - 6 = -t, -t + 9 = 7*m - c*m. Calculate the remainder when 19 is divided by t.
4
Let n = -47 - -50. Let q(c) = -c + 3. Let z be q(-4). Suppose -z*u = n - 80. What is the remainder when u is divided by 10?
1
Suppose 5*f = 10*f - 365. Let k = -44 + f. What is the remainder when k is divided by (-212)/(-12) + (-2)/(-6)?
11
What is the remainder when 414 is divided by 88/(-110) - (-29)/5?
4
Let m be (-4 - -10) + 129 - 5. Let g = m - 118. What is the remainder when 178 is divided by g?
10
Let p = -13699 - -14287. What is the remainder when p is divided by 80?
28
Let y(m) = m**3 - m**2 - m + 37. Let u be y(9). Suppose -20*b + 46*b = u. What is the remainder when 45 is divided by b?
19
Suppose 7*d - 7453 - 2723 = -5*d. Calculate the remainder when d is divided by 85.
83
Let p = -157 + 213. Let z = p - 24. What is the remainder when 119 is divided by z?
23
Let j = -1967 - -2582. Calculate the remainder when j is divided by 104.
95
Let x = 6864 + -6481. Calculate the remainder when x is divided by 122.
17
Suppose -4*h + 3*i - 72 + 5 = 0, 3*h = -i - 60. Let w = 47 + h. Suppose 4*p - 4 = 0, p - w = -3*t + 18. Calculate the remainder when 88 is divided by t.
13
What is the remainder when 277 is divided by ((-623)/21)/((-18)/63) + (-2)/(-12)?
69
Let c be ((-104)/65)/((-2)/25